culate the greatest common factor of 6794 and 158.
158
What is the highest common factor of 273 and 52?
13
What is the greatest common divisor of 1311 and 513?
57
What is the greatest common divisor of 656 and 288?
16
Calculate the greatest common divisor of 49 and 49.
49
What is the highest common factor of 55 and 44?
11
Calculate the greatest common divisor of 45 and 15.
15
Calculate the highest common divisor of 330 and 30.
30
Calculate the highest common divisor of 504 and 4480.
56
What is the greatest common factor of 1104 and 96?
48
What is the highest common divisor of 56 and 672?
56
What is the highest common divisor of 12 and 3042?
6
What is the highest common divisor of 177 and 2183?
59
What is the greatest common divisor of 192 and 256?
64
What is the greatest common factor of 588 and 2044?
28
Calculate the greatest common divisor of 115 and 161.
23
Calculate the greatest common factor of 441 and 49.
49
Calculate the greatest common factor of 1457 and 141.
47
Calculate the greatest common divisor of 28 and 777.
7
What is the highest common divisor of 201 and 96?
3
Calculate the highest common divisor of 88 and 484.
44
Calculate the greatest common divisor of 16092 and 45.
9
Calculate the highest common factor of 35 and 275.
5
Calculate the greatest common divisor of 81 and 810.
81
What is the highest common divisor of 14 and 39158?
14
What is the highest common divisor of 22 and 5852?
22
Calculate the greatest common factor of 19430 and 232.
58
Calculate the greatest common divisor of 2 and 782.
2
Calculate the highest common factor of 45 and 15.
15
Calculate the greatest common factor of 2458 and 4.
2
What is the greatest common divisor of 85026 and 222?
222
Calculate the greatest common divisor of 45 and 369.
9
Calculate the greatest common factor of 112 and 5744.
16
What is the greatest common factor of 9 and 23?
1
Calculate the highest common divisor of 94 and 9682.
94
What is the greatest common divisor of 747 and 27?
9
Calculate the greatest common factor of 3008 and 64.
64
What is the greatest common factor of 432 and 54?
54
Calculate the highest common factor of 912 and 48.
48
Calculate the greatest common factor of 144 and 396.
36
Calculate the greatest common divisor of 3 and 48.
3
Calculate the greatest common divisor of 34 and 20434.
34
What is the highest common divisor of 846 and 18?
18
Calculate the highest common factor of 63 and 63.
63
Calculate the greatest common factor of 657 and 9.
9
What is the greatest common factor of 22 and 1?
1
Calculate the highest common factor of 4 and 52.
4
What is the greatest common divisor of 243 and 189?
27
Calculate the highest common factor of 169 and 104.
13
What is the highest common divisor of 162 and 72?
18
Calculate the highest common factor of 1694 and 880.
22
What is the greatest common factor of 119 and 1890?
7
What is the greatest common factor of 720 and 16?
16
What is the greatest common factor of 868 and 952?
28
What is the greatest common divisor of 91 and 819?
91
Calculate the highest common factor of 304 and 80.
16
Calculate the greatest common divisor of 10759 and 29.
29
What is the highest common factor of 4186 and 46?
46
What is the highest common factor of 450 and 630?
90
What is the highest common divisor of 128 and 568?
8
Calculate the highest common divisor of 33 and 3630.
33
What is the greatest common factor of 968 and 132?
44
What is the highest common factor of 117 and 65?
13
Calculate the greatest common factor of 27 and 2052.
27
Calculate the highest common divisor of 112896 and 18.
18
What is the greatest common divisor of 27 and 1053?
27
What is the highest common factor of 464 and 64?
16
What is the highest common factor of 42 and 282?
6
Calculate the highest common factor of 20 and 290.
10
Calculate the greatest common factor of 17 and 14059.
17
Calculate the greatest common divisor of 144 and 54.
18
What is the highest common factor of 98 and 21?
7
Calculate the greatest common factor of 15 and 190.
5
Calculate the highest common factor of 2519 and 88.
11
What is the greatest common factor of 25 and 115?
5
What is the greatest common divisor of 2 and 30?
2
What is the greatest common factor of 288 and 3552?
96
What is the greatest common factor of 6 and 1902?
6
What is the highest common divisor of 33 and 1012?
11
Calculate the greatest common divisor of 1333 and 31.
31
Calculate the greatest common divisor of 460 and 299.
23
Calculate the greatest common factor of 6528 and 51.
51
Calculate the greatest common factor of 30 and 30.
30
What is the greatest common factor of 3960 and 200?
40
What is the highest common divisor of 19 and 6?
1
What is the greatest common factor of 294 and 4312?
98
What is the highest common divisor of 410 and 8282?
82
What is the highest common divisor of 50 and 170?
10
Calculate the greatest common factor of 44 and 451.
11
What is the highest common divisor of 140 and 780?
20
Calculate the greatest common divisor of 459 and 85.
17
What is the greatest common divisor of 7455 and 525?
105
What is the greatest common factor of 42 and 6?
6
What is the greatest common factor of 6607 and 1?
1
Calculate the highest common factor of 45 and 243.
9
What is the highest common divisor of 4272 and 178?
178
What is the greatest common divisor of 4 and 75?
1
What is the greatest common divisor of 500 and 140?
20
Calculate the greatest common divisor of 26 and 832.
26
What is the greatest common divisor of 145 and 280?
5
Calculate the greatest common divisor of 2808 and 2236.
52
What is the greatest common factor of 6 and 726?
6
What is the greatest common factor of 276 and 3082?
46
What is the greatest common divisor of 5221 and 69?
23
What is the highest common divisor of 784 and 16?
16
What is the greatest common factor of 633 and 12?
3
Calculate the greatest common factor of 40 and 710.
10
What is the highest common factor of 6776 and 572?
44
What is the greatest common factor of 191 and 40492?
191
What is the highest common divisor of 826 and 28?
14
What is the greatest common divisor of 12 and 972?
12
Calculate the greatest common divisor of 18039 and 21.
21
What is the greatest common factor of 34656 and 96?
96
Calculate the highest common factor of 64 and 520.
8
Calculate the greatest common factor of 35 and 8.
1
What is the highest common factor of 210 and 42?
42
What is the highest common divisor of 1 and 577?
1
Calculate the greatest common factor of 49 and 2989.
49
What is the highest common divisor of 11 and 14575?
11
Calculate the highest common divisor of 3815 and 105.
35
What is the highest common factor of 68 and 8636?
68
What is the greatest common factor of 1032 and 860?
172
Calculate the greatest common divisor of 220 and 14410.
110
Calculate the highest common factor of 12 and 522.
6
What is the greatest common factor of 238 and 102?
34
Calculate the greatest common divisor of 10082 and 568.
142
What is the greatest common factor of 198 and 495?
99
What is the greatest common factor of 11 and 319?
11
What is the greatest common factor of 35 and 96495?
35
What is the highest common factor of 5790 and 30?
30
Calculate the highest common factor of 656 and 41.
41
What is the greatest common divisor of 18 and 1521?
9
Calculate the greatest common divisor of 13760 and 128.
64
Calculate the highest common divisor of 165 and 8470.
55
What is the greatest common factor of 20965 and 35?
35
Calculate the greatest common factor of 25 and 35.
5
What is the highest common divisor of 33 and 66?
33
Calculate the highest common factor of 1424 and 16.
16
What is the greatest common factor of 245 and 392?
49
What is the greatest common divisor of 45 and 2529?
9
What is the highest common divisor of 3 and 368?
1
What is the greatest common divisor of 26 and 208?
26
Calculate the highest common divisor of 143 and 1365.
13
Calculate the greatest common factor of 78 and 130.
26
Calculate the highest common factor of 32 and 16128.
32
What is the highest common factor of 9752 and 636?
212
Calculate the greatest common divisor of 144 and 3312.
144
What is the greatest common divisor of 704 and 64?
64
Calculate the highest common factor of 15594 and 690.
138
What is the greatest common divisor of 350 and 126?
14
Calculate the greatest co